 -5*n + 102, -i = n - 42. Suppose w - 20 = -0*w. What is the greatest common factor of w and n?
20
Let b = -7 + 12. Let u(x) = -x**2 + 9*x - 3. Let l be u(8). Suppose -l*z + 77 = -w + 227, 0 = b*w + 3*z - 834. What is the highest common divisor of 15 and w?
15
Let x = 254 + -80. Suppose b + 50 = o, -x = -2*o - o - 3*b. Calculate the greatest common divisor of 81 and o.
27
Let c be (24/(-28))/((-27)/252). Calculate the greatest common factor of c and 28.
4
Let s be (-25)/(-15)*12/4. Suppose -s*q + 6*q = 84. Let i be 3/12 - (-222)/8. Calculate the greatest common factor of i and q.
28
Let n be (6/8)/(1/(-8)). Let b be (-26)/n + 4/6. Let x = -6251 + 6276. What is the greatest common factor of x and b?
5
Suppose 40 = -j + 6*j. Suppose -v = -0*v + j. Let r(u) = u**2 + 6*u - 4. Let h be r(v). Calculate the highest common divisor of 96 and h.
12
Let n be 1*(-6 + 0)*-1. Suppose 0 = g - 5*g + 3*b - 8, -3*b - n = 3*g. Let f = 23 + g. Calculate the greatest common divisor of 14 and f.
7
Let m(f) = -f**2 - 9*f - 13. Let j be m(-6). Suppose p + 16 = 4*s, j*p + 2 = s - 2. Let z be 4444/77 - s/(-14). What is the highest common factor of z and 29?
29
Let u be 137/5 - (-2)/(-5). Suppose 4*k + 3*q + 39 = 0, -q - q = -3*k - 8. Let a(f) = 5*f + 48. Let z be a(k). What is the greatest common factor of z and u?
9
Suppose 5*h - 190 = -4*w, -2*h - 41 = -w - 0*h. Calculate the highest common divisor of w and 930.
15
Let q = -42 + 28. Let g = 24 + -8. Let y = q + g. Calculate the highest common factor of y and 14.
2
Let x(m) = 5*m**2 - 8*m - 1. Let q be x(4). Let l = 33 + q. Calculate the greatest common factor of l and 60.
20
Let q = -15 + 10. Let n be (-31)/q + (-2)/10. Suppose 0 = -n*l + 4*l + 18. What is the greatest common divisor of 45 and l?
9
Let f be 2*-1 - -91 - -1. Let j = 2002 + -1992. Calculate the highest common divisor of f and j.
10
Let z be (-262)/(-10) + (-2)/10. What is the greatest common factor of z and 182?
26
Let o be (-15 - 1 - -2)/(-2). Suppose 5*u = -10, -7 = -2*v + o*v - 4*u. Let l be 1/((-164)/(-54) + v). Calculate the highest common divisor of l and 18.
9
Suppose -32 - 12 = -2*a. Calculate the highest common divisor of a and 154.
22
Let g = -118 + 246. Suppose 0 = 2*t - g + 92. Calculate the highest common factor of 45 and t.
9
Let o be 2/(-3)*(355/(-10) + -2). Let q = 15 + -3. Suppose h - o = -q. Calculate the greatest common factor of 26 and h.
13
Suppose -19*w + 112 = -17*w. Let r = -664 + 672. Calculate the highest common factor of w and r.
8
Let o = -258 - -270. Calculate the greatest common divisor of o and 26.
2
Suppose -w + 4*c - 209 = 0, 0*w - 209 = w + 5*c. Let d = 359 + w. Calculate the greatest common factor of d and 60.
30
Let k(l) = -5*l - 8. Let q be k(-2). Suppose -f - 32 = -q*f. Calculate the greatest common divisor of 48 and f.
16
Suppose -100 + 114 = 7*d. What is the greatest common divisor of d and 64?
2
Let l be -1 + 100/(-4) + 0. Let z be (-66)/(-10) + l/(-65). What is the greatest common divisor of 14 and z?
7
Let v = -13 + 16. Let c(x) = -4*x + 8 + 5*x + 0*x. Let r be c(-5). What is the greatest common divisor of v and r?
3
Suppose 0 = 7*f - 1379 + 259. Let y be (-101)/(-5) - 5/25. Calculate the greatest common factor of y and f.
20
Let j(h) = -77*h - 21. Let x be j(-8). What is the highest common divisor of x and 35?
35
Let x = -98 - -142. Let c = -15 + x. What is the highest common factor of c and 58?
29
Suppose 5382 = 38*u - 432. What is the greatest common factor of u and 544?
17
Let r be (-5)/(10/(-3))*(-290)/(-15). Calculate the greatest common divisor of 319 and r.
29
Let m be ((-1)/1)/((-3)/600*8). What is the greatest common divisor of m and 2?
1
Let q = -13 + 4. Let i = q + 11. What is the highest common divisor of i and 1?
1
Let b = -9 + 15. Suppose b*q = 5*q. Suppose -g + 2 = -q*g. What is the greatest common factor of 8 and g?
2
Let z(v) = v**3 + 3*v**2 + 4*v + 7. Let k be z(-2). What is the highest common divisor of 39 and k?
3
Suppose -480 = -16*w - 44*w. Calculate the greatest common divisor of w and 60.
4
Let z(l) = -l**3 - 51*l**2 - 55*l - 225. Let o be z(-50). What is the highest common divisor of 110 and o?
5
Let r be 18 + 64 - (-12)/2. What is the highest common divisor of 110 and r?
22
Suppose -21 = -5*b - g, 4*b = 7*b - g - 11. Suppose -b*j + 316 = 2*d, j - 331 = -0*d - 2*d. What is the greatest common factor of 24 and d?
24
Suppose 2*z - x = -z - 9, 5*z + 1 = -3*x. Let d = -2 - -1. Let v be 16 - z/(d/1). What is the highest common divisor of v and 35?
7
Let c be -5*(-2)/5 + 7. Suppose 9*d = 5*d + 36. What is the greatest common divisor of c and d?
9
Let k be 1*-4 + (-520)/(-26). Let g = 340 + -196. What is the highest common divisor of k and g?
16
Suppose -w + 31 - 24 = 0. Suppose 4*x = -w*x + 1771. Calculate the greatest common divisor of 23 and x.
23
Let n be 29 + 2/(2/(-3)). Let w = n + 4. Let s be (-45)/((-33)/(-18) - 2). Calculate the highest common divisor of w and s.
30
Suppose 3*v - 5*u - 9 = 5*v, 0 = -4*u - 12. Suppose l = 15 + v. Let j = -55 + 91. What is the highest common divisor of l and j?
18
Let h = -153 - -329. What is the highest common divisor of 66 and h?
22
Let g be 6 - 3 - 0*(2 - 1). Suppose -3*f + 231 = g*d, -5*f + 138 = d - 227. What is the highest common factor of f and 9?
9
Suppose -c - 48 = -5*c. Let q(f) = 13 - 3*f + 5*f + 0*f - 3*f. Let d be q(c). What is the highest common factor of 1 and d?
1
Let u = -5118 - -8133. Calculate the highest common divisor of u and 45.
45
Suppose 0 = -3*m + 2*j - 1475, 2*m + 3*j + 641 = -364. Let k be (-90)/m + 405/11 + 1. Calculate the highest common factor of k and 57.
19
Let n be 0/(1 + 2)*-1. Let g be 3 - (n - 3 - -4). What is the greatest common divisor of 6 and g?
2
Suppose -5*v - 39 = -3*c - 309, 2*v = 3*c + 99. What is the greatest common divisor of v and 285?
57
Let k(r) = r**2 - 3*r - 10. Let g be k(5). Suppose 2*l - 5*o - 265 = g, l - 17 - 114 = 3*o. Calculate the highest common factor of 20 and l.
20
Let k = -1190 - -1301. What is the greatest common divisor of k and 9?
3
Let l be (-104)/(-24) + 3/(-9). What is the highest common factor of l and 14?
2
Suppose -46 = -4*y + 2*g, 4*y = -2*g - g + 71. Suppose -2*n - 3*p = p + y, -4*n + 37 = -5*p. Calculate the greatest common divisor of n and 33.
3
Let b(a) = 4*a**2 - 10*a - 9. Let v be b(5). Suppose -j - 8 = -v. What is the highest common divisor of 3 and j?
3
Suppose -2 = 2*p + 2. Suppose 13*a = 3*a + 230. Let c = a + p. Calculate the highest common factor of c and 231.
21
Let d(j) = j**3 + 5*j**2 + 5*j + 6. Let u = -17 + 32. Suppose 3 = 3*g + u. Let l be d(g). Calculate the greatest common divisor of l and 16.
2
Suppose -2*z = -z - 2. Let d be z/(3*4/270*5). What is the highest common factor of d and 27?
9
Suppose 3*u - 290 = -29. What is the greatest common divisor of u and 58?
29
Let l = 384 - 369. Calculate the greatest common factor of 80 and l.
5
Suppose -5*z - 9 = 4*j, z = -j - 1 - 1. Let h be 20 + (-10)/((-5)/j). What is the highest common divisor of h and 45?
9
Suppose 5*o + 28 = -2*o. Let r = 23 + -8. Let i = r - o. What is the greatest common divisor of i and 152?
19
Let x(w) = w**3 - 10*w**2 + 9*w - 121. Let o be x(11). Calculate the highest common factor of 27 and o.
9
Let b = 348 - 208. Calculate the greatest common factor of b and 84.
28
Let d(q) = 39*q**2 + 3*q - 10. Let v be d(2). What is the highest common divisor of v and 684?
76
Suppose -u + 280 = -5*g, 2*g - 6*g + 280 = u. Let x = u - 140. What is the greatest common divisor of 28 and x?
28
Let j(f) = -3*f - 32. Let l be j(-8). Let m be (2/(-3))/((l/(-4))/(-144)). What is the greatest common divisor of m and 8?
8
Let u = -231 + 247. What is the greatest common factor of u and 128?
16
Suppose 2 + 3 = 5*w, -2*c + w = -257. What is the highest common divisor of c and 301?
43
Let k(r) = -10*r - 13. Let p(z) = z. Let f(h) = k(h) + 3*p(h). Let n be f(-6). Suppose 3*c = n + 49. What is the highest common divisor of 208 and c?
26
Let a be 817/13 - ((-1078)/(-91) + -12). Calculate the highest common factor of a and 162.
9
Let a(w) = w + 10. Let x be a(-10). Let z be 2 - (-68 + x)/1. What is the highest common divisor of 28 and z?
14
Suppose -9*f + 11*f = 440. Suppose -5*r - 8 = -4*n - 227, -f = -5*r + 5*n. Le